-- Table structure for tbl_desa
-- ----------------------------
CREATE TABLE `tbl_desa`  (
  `id_kecamatan` int(2) NOT NULL,
  `id_puskesmas` varchar(7) CHARACTER SET utf8mb4 COLLATE utf8mb4_general_ci NOT NULL,
  `id_desa` varchar(2) CHARACTER SET utf8mb4 COLLATE utf8mb4_general_ci NOT NULL,
  `desa` varchar(128) CHARACTER SET utf8mb4 COLLATE utf8mb4_general_ci NULL DEFAULT NULL,
  `kode_desa` varchar(32) CHARACTER SET utf8mb4 COLLATE utf8mb4_general_ci NULL DEFAULT NULL,
  PRIMARY KEY (`id_kecamatan`, `id_puskesmas`, `id_desa`) USING BTREE,
  UNIQUE INDEX `kode_desa`(`kode_desa`) USING BTREE
) ENGINE = InnoDB CHARACTER SET = utf8mb4 COLLATE = utf8mb4_general_ci ROW_FORMAT = Dynamic;

-- ----------------------------
-- Records of tbl_desa
-- ----------------------------
INSERT INTO `tbl_desa` VALUES (1, '1060075', '01', 'BAGAN ASAM', '61.03.13.2005');
INSERT INTO `tbl_desa` VALUES (1, '1060075', '02', 'TERAJU BARAT', '61.03.13.2001');
INSERT INTO `tbl_desa` VALUES (1, '1060075', '03', 'KAMPUNG BARU', '61.03.13.2004');
INSERT INTO `tbl_desa` VALUES (1, '1060075', '04', 'LUMUT', '61.03.13.2006');
INSERT INTO `tbl_desa` VALUES (1, '1060075', '05', 'SANSAT', '61.03.13.2003');
INSERT INTO `tbl_desa` VALUES (1, '1060075', '06', 'BALAI BELUNGAI', '61.03.13.2007');
INSERT INTO `tbl_desa` VALUES (1, '1060075', '07', 'BELUNGAI DALAM', '61.03.13.2002');
INSERT INTO `tbl_desa` VALUES (2, '1060076', '01', 'MELIAU HILIR', '61.03.20.2001');
INSERT INTO `tbl_desa` VALUES (2, '1060076', '02', 'MELIAU HULU', '61.03.20.2002');
INSERT INTO `tbl_desa` VALUES (2, '1060076', '03', 'SEI MAYAM', '61.03.20.2006');
INSERT INTO `tbl_desa` VALUES (2, '1060076', '04', 'MELOBOK', '61.03.20.2005');
INSERT INTO `tbl_desa` VALUES (2, '1060076', '05', 'CUPANG', '61.03.20.2011');
INSERT INTO `tbl_desa` VALUES (2, '1060076', '06', 'ENGGADAI', '61.03.20.2014');
INSERT INTO `tbl_desa` VALUES (2, '1060076', '07', 'MERANGGAU', '61.03.20.2004');
INSERT INTO `tbl_desa` VALUES (2, '1060076', '08', 'BARU LOMBAK', '61.03.20.2013');
INSERT INTO `tbl_desa` VALUES (2, '1060076', '09', 'BALAI TINGGI', '61.03.20.2015');
INSERT INTO `tbl_desa` VALUES (2, '1060901', '01', 'KUALA BUAYAN', '61.03.20.2003');
INSERT INTO `tbl_desa` VALUES (2, '1060901', '02', 'LALANG', '61.03.20.2012');
INSERT INTO `tbl_desa` VALUES (2, '1060901', '03', 'SEI KEMBAYAU', '61.03.20.2009');
INSERT INTO `tbl_desa` VALUES (2, '1060901', '04', 'PAMPANG DUA', '61.03.20.2007');
INSERT INTO `tbl_desa` VALUES (2, '1060901', '05', 'BHAKTI JAYA', '61.03.20.2017');
INSERT INTO `tbl_desa` VALUES (2, '1060901', '06', 'MUKTI JAYA', '61.03.20.2018');
INSERT INTO `tbl_desa` VALUES (2, '1060901', '07', 'HARAPAN MAKMUR', '61.03.20.2020');
INSERT INTO `tbl_desa` VALUES (2, '1060901', '08', 'KUNYIL', '61.03.20.2010');
INSERT INTO `tbl_desa` VALUES (2, '1060901', '09', 'KUALA ROSAN', '61.03.20.2008');
INSERT INTO `tbl_desa` VALUES (2, '1060901', '10', 'MELAWI MAKMUR', '61.03.20.2019');
INSERT INTO `tbl_desa` VALUES (3, '1060077', '01', 'BERINGIN', '61.03.01.1005');
INSERT INTO `tbl_desa` VALUES (3, '1060077', '02', 'ILIR KOTA', '61.03.01.1004');
INSERT INTO `tbl_desa` VALUES (3, '1060077', '03', 'BUNUT', '61.03.01.1006');
INSERT INTO `tbl_desa` VALUES (3, '1060077', '04', 'SEI MAWANG', '61.03.01.2014');
INSERT INTO `tbl_desa` VALUES (3, '1060077', '05', 'LAPE', '61.03.01.2015');
INSERT INTO `tbl_desa` VALUES (3, '1060077', '06', 'SEI BATU', '61.03.01.2019');
INSERT INTO `tbl_desa` VALUES (3, '1060077', '07', 'SEMERANGKAI', '61.03.01.2018');
INSERT INTO `tbl_desa` VALUES (3, '1060077', '08', 'SEI ALAI', '61.03.01.2017');
INSERT INTO `tbl_desa` VALUES (3, '1060077', '09', 'MENGKIANG', '61.03.01.2012');
INSERT INTO `tbl_desa` VALUES (3, '1060077', '10', 'KAMBONG', '61.03.01.2013');
INSERT INTO `tbl_desa` VALUES (3, '1060078', '01', 'TANJUNG SEKAYAM', '61.03.01.1002');
INSERT INTO `tbl_desa` VALUES (3, '1060078', '02', 'TANJUNG KAPUAS', '61.03.01.1001');
INSERT INTO `tbl_desa` VALUES (3, '1060078', '03', 'SEI SENGKUANG', '61.03.01.1003');
INSERT INTO `tbl_desa` VALUES (3, '1060078', '04', 'PENYELADI HULU', '61.03.01.2007');
INSERT INTO `tbl_desa` VALUES (3, '1060078', '05', 'ENTAKAI SATU', '61.03.01.2010');
INSERT INTO `tbl_desa` VALUES (3, '1060078', '06', 'PANA', '61.03.01.2011');
INSERT INTO `tbl_desa` VALUES (3, '1060079', '01', 'BELANGIN', '61.03.01.2023');
INSERT INTO `tbl_desa` VALUES (3, '1060079', '02', 'NANGA BIANG', '61.03.01.2008');
INSERT INTO `tbl_desa` VALUES (3, '1060079', '03', 'RAMBIN', '61.03.01.2009');
INSERT INTO `tbl_desa` VALUES (3, '1060079', '04', 'BOTUH LINTANG', '61.03.01.2026');
INSERT INTO `tbl_desa` VALUES (3, '1060079', '05', 'LINTANG KAPUAS', '61.03.01.2021');
INSERT INTO `tbl_desa` VALUES (3, '1060079', '06', 'LINTANG PELAMAN', '61.03.01.2022');
INSERT INTO `tbl_desa` VALUES (3, '1060079', '07', 'SUI MUNTIK', '61.03.01.2020');
INSERT INTO `tbl_desa` VALUES (3, '1060079', '08', 'PENYALIMAU', '61.03.01.2016');
INSERT INTO `tbl_desa` VALUES (3, '1060079', '09', 'PENYALIMAU JAYA', '61.03.01.2024');
INSERT INTO `tbl_desa` VALUES (3, '1060079', '10', 'TAPANG DULANG', '61.03.01.2025');
INSERT INTO `tbl_desa` VALUES (4, '1060080', '01', 'INGGIS', '61.03.02.2005');
INSERT INTO `tbl_desa` VALUES (4, '1060080', '02', 'SEMANGGIS RAYA', '61.03.02.2007');
INSERT INTO `tbl_desa` VALUES (4, '1060080', '03', 'SEMUNTAI', '61.03.02.2002');
INSERT INTO `tbl_desa` VALUES (4, '1060080', '04', 'KEDUKUL', '61.03.02.2001');
INSERT INTO `tbl_desa` VALUES (4, '1060080', '05', 'ENGKODE', '61.03.02.2003');
INSERT INTO `tbl_desa` VALUES (4, '1060080', '06', 'SEI MAWANG', '61.03.02.2004');
INSERT INTO `tbl_desa` VALUES (4, '1060080', '07', 'TRI MULYA', '61.03.02.2008');
INSERT INTO `tbl_desa` VALUES (4, '1060080', '08', 'LAYAK OMANG', '61.03.02.2006');
INSERT INTO `tbl_desa` VALUES (4, '1060080', '09', 'SERAMBAI JAYA', '61.03.02.2009');
INSERT INTO `tbl_desa` VALUES (5, '1060081', '01', 'TERATI', '61.03.04.2008');
INSERT INTO `tbl_desa` VALUES (5, '1060081', '02', 'SELAMPONG', '61.03.04.2010');
INSERT INTO `tbl_desa` VALUES (5, '1060081', '03', 'SAPE', '61.03.04.2009');
INSERT INTO `tbl_desa` VALUES (5, '1060081', '04', 'SEMIRAU', '61.03.04.2011');
INSERT INTO `tbl_desa` VALUES (5, '1060081', '05', 'BALAI SEBUT', '61.03.04.2001');
INSERT INTO `tbl_desa` VALUES (5, '1060081', '06', 'SEMOMBAT', '61.03.04.2007');
INSERT INTO `tbl_desa` VALUES (5, '1060081', '07', 'EMPIYANG', '61.03.04.2004');
INSERT INTO `tbl_desa` VALUES (5, '1060081', '08', 'JANGKANG BENUA', '61.03.04.2002');
INSERT INTO `tbl_desa` VALUES (5, '1060081', '09', 'TANGGUNG', '61.03.04.2003');
INSERT INTO `tbl_desa` VALUES (5, '1060081', '10', 'PISANG', '61.03.04.2005');
INSERT INTO `tbl_desa` VALUES (5, '1060081', '11', 'KETORI', '61.03.04.2006');
INSERT INTO `tbl_desa` VALUES (6, '1060082', '01', 'BONTI', '61.03.05.2001');
INSERT INTO `tbl_desa` VALUES (6, '1060082', '02', 'SAMI', '61.03.05.2002');
INSERT INTO `tbl_desa` VALUES (6, '1060082', '03', 'UPE', '61.03.05.2004');
INSERT INTO `tbl_desa` VALUES (6, '1060082', '04', 'EMPODIS', '61.03.05.2006');
INSERT INTO `tbl_desa` VALUES (6, '1060082', '05', 'KAMPUH', '61.03.05.2007');
INSERT INTO `tbl_desa` VALUES (6, '1060082', '06', 'TUNGGUL BOYOK', '61.03.05.2005');
INSERT INTO `tbl_desa` VALUES (6, '1060082', '07', 'BANTAI', '61.03.05.2008');
INSERT INTO `tbl_desa` VALUES (6, '1060082', '08', 'MAJEL', '61.03.05.2009');
INSERT INTO `tbl_desa` VALUES (6, '1060082', '09', 'BAHTA', '61.03.05.2003');
INSERT INTO `tbl_desa` VALUES (7, '1060083', '01', 'EMBALA', '61.03.09.2005');
INSERT INTO `tbl_desa` VALUES (7, '1060083', '02', 'MARITA', '61.03.09.2014');
INSERT INTO `tbl_desa` VALUES (7, '1060083', '03', 'MARINGIN JAYA', '61.03.09.2007');
INSERT INTO `tbl_desa` VALUES (7, '1060083', '04', 'SUKA MULYA', '61.03.09.2008');
INSERT INTO `tbl_desa` VALUES (7, '1060083', '05', 'SUKA GERUNDI', '61.03.09.2012');
INSERT INTO `tbl_desa` VALUES (7, '1060083', '06', 'MAJU KARYA', '61.03.09.2002');
INSERT INTO `tbl_desa` VALUES (7, '1060083', '07', 'PANDU RAYA', '61.03.09.2004');
INSERT INTO `tbl_desa` VALUES (7, '1060083', '08', 'GUNAM', '61.03.09.2013');
INSERT INTO `tbl_desa` VALUES (7, '1060083', '09', 'PALEM JAYA', '61.03.09.2009');
INSERT INTO `tbl_desa` VALUES (7, '1060083', '10', 'PUSAT DAMAI', '61.03.09.2001');
INSERT INTO `tbl_desa` VALUES (7, '1060083', '11', 'SEBARA', '61.03.09.2003');
INSERT INTO `tbl_desa` VALUES (7, '1060083', '12', 'HIBUN', '61.03.09.2006');
INSERT INTO `tbl_desa` VALUES (7, '1060083', '13', 'RAHAYU', '61.03.09.2010');
INSERT INTO `tbl_desa` VALUES (7, '1060083', '14', 'DOSAN', '61.03.09.2011');
INSERT INTO `tbl_desa` VALUES (8, '1060084', '01', 'SUBAH', '61.03.11.2012');
INSERT INTO `tbl_desa` VALUES (8, '1060084', '02', 'SUNGAI JAMAN', '61.03.11.2013');
INSERT INTO `tbl_desa` VALUES (8, '1060084', '03', 'TANJUNG BUNUT', '61.03.11.2014');
INSERT INTO `tbl_desa` VALUES (8, '1060084', '04', 'EMBERAS', '61.03.11.2008');
INSERT INTO `tbl_desa` VALUES (8, '1060084', '05', 'BEGINJAN', '61.03.11.2009');
INSERT INTO `tbl_desa` VALUES (8, '1060084', '06', 'SEBEMBAN', '61.03.11.2011');
INSERT INTO `tbl_desa` VALUES (8, '1060084', '07', 'LALANG', '61.03.11.2005');
INSERT INTO `tbl_desa` VALUES (8, '1060084', '08', 'PL. TAYAN UTARA', '61.03.11.2001');
INSERT INTO `tbl_desa` VALUES (8, '1060085', '01', 'KAWAT', '61.03.11.2002');
INSERT INTO `tbl_desa` VALUES (8, '1060085', '02', 'PEDALAMAN', '61.03.11.2003');
INSERT INTO `tbl_desa` VALUES (8, '1060085', '03', 'TEBANG BENUA', '61.03.11.2015');
INSERT INTO `tbl_desa` VALUES (8, '1060085', '04', 'CEMPEDAK', '61.03.11.2006');
INSERT INTO `tbl_desa` VALUES (8, '1060085', '05', 'MELUGAI', '61.03.11.2007');
INSERT INTO `tbl_desa` VALUES (8, '1060085', '06', 'BALAI INGIN', '61.03.11.2004');
INSERT INTO `tbl_desa` VALUES (8, '1060085', '07', 'SEJOTANG', '61.03.11.2010');
INSERT INTO `tbl_desa` VALUES (9, '1060086', '01', 'SEMONCOL', '61.03.12.2008');
INSERT INTO `tbl_desa` VALUES (9, '1060086', '02', 'MAK KAWING', '61.03.12.2006');
INSERT INTO `tbl_desa` VALUES (9, '1060086', '03', 'COWET', '61.03.12.2004');
INSERT INTO `tbl_desa` VALUES (9, '1060086', '04', 'BULU BALA', '61.03.12.2010');
INSERT INTO `tbl_desa` VALUES (9, '1060086', '05', 'TEMIANG TABA', '61.03.12.2011');
INSERT INTO `tbl_desa` VALUES (9, '1060086', '06', 'SENYABANG', '61.03.12.2012');
INSERT INTO `tbl_desa` VALUES (9, '1060086', '07', 'KEBADU', '61.03.12.2005');
INSERT INTO `tbl_desa` VALUES (9, '1060086', '08', 'HILIR', '61.03.12.2001');
INSERT INTO `tbl_desa` VALUES (9, '1060086', '09', 'TEMIANG MALI', '61.03.12.2003');
INSERT INTO `tbl_desa` VALUES (9, '1060086', '10', 'TAE', '61.03.12.2007');
INSERT INTO `tbl_desa` VALUES (9, '1060086', '11', 'PADI KAYE', '61.03.12.2002');
INSERT INTO `tbl_desa` VALUES (9, '1060086', '12', 'EMPIRANG UJUNG', '61.03.12.2009');
INSERT INTO `tbl_desa` VALUES (10, '1060087', '01', 'MENYABO', '61.03.10.2003');
INSERT INTO `tbl_desa` VALUES (10, '1060087', '02', 'BINJAI', '61.03.10.2010');
INSERT INTO `tbl_desa` VALUES (10, '1060087', '03', 'PANDAN SEMBUAT', '61.03.10.2009');
INSERT INTO `tbl_desa` VALUES (10, '1060087', '04', 'KEDAKAS', '61.03.10.2011');
INSERT INTO `tbl_desa` VALUES (10, '1060087', '05', 'SOSOK', '61.03.10.2001');
INSERT INTO `tbl_desa` VALUES (10, '1060087', '06', 'PERUAN DALAM', '61.03.10.2002');
INSERT INTO `tbl_desa` VALUES (10, '1060087', '07', 'MANDONG', '61.03.10.2004');
INSERT INTO `tbl_desa` VALUES (10, '1060087', '08', 'JANJANG', '61.03.10.2005');
INSERT INTO `tbl_desa` VALUES (10, '1060087', '09', 'RIYAI', '61.03.10.2006');
INSERT INTO `tbl_desa` VALUES (10, '1060087', '10', 'BERAKAK', '61.03.10.2007');
INSERT INTO `tbl_desa` VALUES (10, '1060087', '11', 'ENGKASAN', '61.03.10.2008');
INSERT INTO `tbl_desa` VALUES (11, '1060088', '01', 'TJ. BUNGA', '61.03.08.2001');
INSERT INTO `tbl_desa` VALUES (11, '1060088', '02', 'SEMAYANG', '61.03.08.2002');
INSERT INTO `tbl_desa` VALUES (11, '1060088', '03', 'SEBUNGKUH', '61.03.08.2003');
INSERT INTO `tbl_desa` VALUES (11, '1060088', '04', 'KUALA DUA', '61.03.08.2004');
INSERT INTO `tbl_desa` VALUES (11, '1060088', '05', 'TJ. MERPATI', '61.03.08.2005');
INSERT INTO `tbl_desa` VALUES (11, '1060088', '06', 'SEJUAH', '61.03.08.2006');
INSERT INTO `tbl_desa` VALUES (11, '1060088', '07', 'MOBUI', '61.03.08.2007');
INSERT INTO `tbl_desa` VALUES (11, '1060088', '08', 'TANAP', '61.03.08.2008');
INSERT INTO `tbl_desa` VALUES (11, '1060088', '09', 'SEBUDUH', '61.03.08.2009');
INSERT INTO `tbl_desa` VALUES (11, '1060088', '10', 'KELOMPU', '61.03.08.2010');
INSERT INTO `tbl_desa` VALUES (11, '1060088', '11', 'TUNGGAL BHAKTI', '61.03.08.2011');
INSERT INTO `tbl_desa` VALUES (12, '1060089', '01', 'KASROMEGO', '61.03.06.2001');
INSERT INTO `tbl_desa` VALUES (12, '1060089', '02', 'BERENG BERKAWAT', '61.03.06.2002');
INSERT INTO `tbl_desa` VALUES (12, '1060089', '03', 'THANG RAYA', '61.03.06.2004');
INSERT INTO `tbl_desa` VALUES (12, '1060089', '04', 'SEI ILAI', '61.03.06.2003');
INSERT INTO `tbl_desa` VALUES (12, '1060089', '05', 'MAWANG MUDA', '61.03.06.2005');
INSERT INTO `tbl_desa` VALUES (13, '1060090', '01', 'NOYAN', '61.03.03.2001');
INSERT INTO `tbl_desa` VALUES (13, '1060090', '02', 'SEI DANGIN', '61.03.03.2004');
INSERT INTO `tbl_desa` VALUES (13, '1060090', '03', 'IDAS', '61.03.03.2005');
INSERT INTO `tbl_desa` VALUES (13, '1060090', '04', 'EMPOTO', '61.03.03.2002');
INSERT INTO `tbl_desa` VALUES (13, '1060090', '05', 'SEMONGAN', '61.03.03.2003');
INSERT INTO `tbl_desa` VALUES (14, '1060091', '01', 'SOTOK', '61.03.07.2003');
INSERT INTO `tbl_desa` VALUES (14, '1060091', '02', 'BALAI KARANGAN', '61.03.07.2001');
INSERT INTO `tbl_desa` VALUES (14, '1060091', '03', 'RAUT MUARA', '61.03.07.2005');
INSERT INTO `tbl_desa` VALUES (14, '1060091', '04', 'BUNGKANG', '61.03.07.2007');
INSERT INTO `tbl_desa` VALUES (14, '1060091', '05', 'LUBUK SABUK', '61.03.07.2008');
INSERT INTO `tbl_desa` VALUES (14, '1060091', '06', 'PENGADANG', '61.03.07.2002');
INSERT INTO `tbl_desa` VALUES (14, '1060091', '07', 'MALENGGANG', '61.03.07.2010');
INSERT INTO `tbl_desa` VALUES (14, '1060091', '08', 'ENGKAHAN', '61.03.07.2006');
INSERT INTO `tbl_desa` VALUES (14, '1060091', '09', 'KENAMAN', '61.03.07.2004');
INSERT INTO `tbl_desa` VALUES (14, '1060091', '10', 'SEI TEKAM', '61.03.07.2009');
INSERT INTO `tbl_desa` VALUES (15, '1060092', '01', 'NEKAN', '61.03.21.2001');
INSERT INTO `tbl_desa` VALUES (15, '1060092', '02', 'SEMANGET', '61.03.21.2002');
INSERT INTO `tbl_desa` VALUES (15, '1060092', '03', 'PALA PASANG', '61.03.21.2004');
INSERT INTO `tbl_desa` VALUES (15, '1060092', '04', 'SURUH TEMBAWANG', '61.03.21.2005');
INSERT INTO `tbl_desa` VALUES (15, '1060092', '05', 'ENTIKONG', '61.03.21.2003');

-- ----------------------------
-- Table structure for tbl_info
-- ----------------------------
CREATE TABLE `tbl_info`  (
  `id` bigint(20) UNSIGNED NOT NULL AUTO_INCREMENT,
  `publish` datetime(0) NULL DEFAULT NULL,
  `id_posyandu` varchar(4) CHARACTER SET utf8mb4 COLLATE utf8mb4_general_ci NULL DEFAULT NULL,
  `title` varchar(200) CHARACTER SET utf8mb4 COLLATE utf8mb4_general_ci NULL DEFAULT NULL,
  `content` text CHARACTER SET utf8mb4 COLLATE utf8mb4_general_ci NULL DEFAULT NULL,
  `images` longblob NULL,
  `status` tinyint(1) UNSIGNED NULL DEFAULT 0,
  `lastupdate` datetime(0) NULL DEFAULT current_timestamp,
  `updateby` varchar(32) CHARACTER SET utf8mb4 COLLATE utf8mb4_general_ci NULL DEFAULT NULL,
  PRIMARY KEY (`id`) USING BTREE,
  INDEX `publish`(`publish`) USING BTREE
) ENGINE = InnoDB AUTO_INCREMENT = 5 CHARACTER SET = utf8mb4 COLLATE = utf8mb4_general_ci ROW_FORMAT = Dynamic;

-- ----------------------------
-- Records of tbl_info
-- ----------------------------
INSERT INTO `tbl_info` VALUES (1, '2024-11-15 04:41:00', '012', 'Informasi Penting untuk Peserta Posyandu', 'Halo peserta Posyandu BAYAM,\n\nKami ingin menginformasikan beberapa hal penting terkait kegiatan Posyandu yang akan datang:\n\n\n![6.jpg](--MD-image--://0-46391.jpg)\n\n\n### Jadwal Kegiatan\n- **Tanggal:** 20 November 2024\n- **Waktu:** 08:00 - 12:00 WIB\n- **Tempat:** Balai Desa Kampung Baru\n\n### Agenda Kegiatan\n1. **Pemeriksaan Kesehatan Ibu dan Anak**\n   - Pemeriksaan berat dan tinggi badan\n   - Imunisasi\n   - Konsultasi kesehatan\n\n2. **Penyuluhan Gizi**\n   - Informasi tentang pentingnya gizi seimbang\n   - Tips dan trik memasak makanan sehat\n\n3. **Lomba Kreativitas Anak**\n   - Menggambar dan mewarnai\n   - Hadiah menarik untuk pemenang\n\n### Informasi Tambahan\n- Harap membawa Kartu Kesehatan Ibu dan Anak (KIA).\n- Pastikan anak-anak sudah sarapan sebelum datang.\n- Gunakan masker dan patuhi protokol kesehatan.\n\nKami berharap semua peserta dapat hadir tepat waktu dan mengikuti kegiatan dengan baik. Terima kasih atas perhatian dan kerjasamanya.\n\nSalam sehat,\n**Tim Posyandu BAYAM**\n\n---\n\n**Kontak Kami:**\n- **Alamat:** Balai Desa Kampung Baru, Kec. Toba\n- **Telepon:** +62 8785123721\n- **Email:** posyandubayam@kampungbaru.go.id\n', 0x[BLOB], 1, '2024-11-15 05:32:29', '1');
INSERT INTO `tbl_info` VALUES (2, '2024-11-15 05:29:01', '', 'Berita Acara Posyandu', '## Undangan Acara Posyandu\n\nHalo peserta Posyandu BAYAM,\n\nKami dengan senang hati mengundang Anda untuk menghadiri acara Posyandu yang akan datang. Berikut adalah detail acara:\n\n### Jadwal Acara\n- **Tanggal:** 25 November 2024\n- **Waktu:** 08:00 - 12:00 WIB\n- **Tempat:** Balai Desa Kampung Baru\n\n### Agenda Acara\n1. **Pemeriksaan Kesehatan Ibu dan Anak**\n   - Pemeriksaan berat dan tinggi badan\n   - Imunisasi\n   - Konsultasi kesehatan\n\n2. **Penyuluhan Gizi**\n   - Informasi tentang pentingnya gizi seimbang\n   - Tips dan trik memasak makanan sehat\n\n3. **Lomba Kreativitas Anak**\n   - Menggambar dan mewarnai\n   - Hadiah menarik untuk pemenang\n\n4. **Pemeriksaan Kesehatan Lansia**\n   - Pemeriksaan tekanan darah\n   - Konsultasi kesehatan\n\n### Informasi Tambahan\n- Harap membawa Kartu Kesehatan Ibu dan Anak (KIA).\n- Pastikan anak-anak sudah sarapan sebelum datang.\n- Gunakan masker dan patuhi protokol kesehatan.\n\nKami berharap semua peserta dapat hadir tepat waktu dan mengikuti kegiatan dengan baik. Terima kasih atas perhatian dan kerjasamanya.\n\nSalam sehat,\n**Tim Posyandu BAYAM**\n\n---\n\n**Kontak Kami:**\n- **Alamat:** Balai Desa Kampung Baru, Kec. Toba\n- **Telepon:** +62 8785123721\n- **Email:** posyandubayam@kampungbaru.go.id\n', NULL, 1, '2024-11-15 05:27:35', '1');
INSERT INTO `tbl_info` VALUES (3, '2024-11-15 17:42:09', '012', 'Imunisasi Balita', 'Untuk para orang tua yang memiliki balita yang belum di imunisasi, silahkan ditunggu untuk datang ke posyandu pada minggu ini.', NULL, 1, '2024-11-15 17:45:13', '1');
INSERT INTO `tbl_info` VALUES (4, '2024-12-18 06:08:24', '590', 'Coba role penempatan', 'Test saja', NULL, 1, '2024-12-18 06:08:52', '6');

-- ----------------------------
-- Table structure for tbl_kecamatan
-- ----------------------------
CREATE TABLE `tbl_kecamatan`  (
  `id_kecamatan` int(2) NOT NULL,
  `kecamatan` varchar(128) CHARACTER SET utf8mb4 COLLATE utf8mb4_general_ci NULL DEFAULT NULL,
  `kode_kecamatan` varchar(8) CHARACTER SET utf8mb4 COLLATE utf8mb4_general_ci NULL DEFAULT NULL,
  PRIMARY KEY (`id_kecamatan`) USING BTREE,
  UNIQUE INDEX `kode_kecamatan`(`kode_kecamatan`) USING BTREE
) ENGINE = InnoDB CHARACTER SET = utf8mb4 COLLATE = utf8mb4_general_ci ROW_FORMAT = Dynamic;

-- ----------------------------
-- Records of tbl_kecamatan
-- ----------------------------
INSERT INTO `tbl_kecamatan` VALUES (1, 'TOBA', '61.03.13');
INSERT INTO `tbl_kecamatan` VALUES (2, 'MELIAU', '61.03.20');
INSERT INTO `tbl_kecamatan` VALUES (3, 'KAPUAS', '61.03.01');
INSERT INTO `tbl_kecamatan` VALUES (4, 'MUKOK', '61.03.02');
INSERT INTO `tbl_kecamatan` VALUES (5, 'JANGKANG', '61.03.04');
INSERT INTO `tbl_kecamatan` VALUES (6, 'BONTI', '61.03.05');
INSERT INTO `tbl_kecamatan` VALUES (7, 'PARINDU', '61.03.09');
INSERT INTO `tbl_kecamatan` VALUES (8, 'TAYAN HILIR', '61.03.11');
INSERT INTO `tbl_kecamatan` VALUES (9, 'BALAI', '61.03.12');
INSERT INTO `tbl_kecamatan` VALUES (10, 'TAYAN HULU', '61.03.10');
INSERT INTO `tbl_kecamatan` VALUES (11, 'KEMBAYAN', '61.03.08');
INSERT INTO `tbl_kecamatan` VALUES (12, 'BEDUAI', '61.03.06');
INSERT INTO `tbl_kecamatan` VALUES (13, 'NOYAN', '61.03.03');
INSERT INTO `tbl_kecamatan` VALUES (14, 'SEKAYAM', '61.03.07');
INSERT INTO `tbl_kecamatan` VALUES (15, 'ENTIKONG', '61.03.21');

-- ----------------------------
-- Table structure for tbl_page
-- ----------------------------
CREATE TABLE `tbl_page`  (
  `id` bigint(20) UNSIGNED NOT NULL AUTO_INCREMENT,
  `code` varchar(64) CHARACTER SET utf8mb4 COLLATE utf8mb4_general_ci NOT NULL,
  `pos` bigint(255) UNSIGNED NULL DEFAULT NULL,
  `title` varchar(200) CHARACTER SET utf8mb4 COLLATE utf8mb4_general_ci NULL DEFAULT NULL,
  `content` text CHARACTER SET utf8mb4 COLLATE utf8mb4_general_ci NULL DEFAULT NULL,
  `images` longblob NULL,
  `status` tinyint(1) UNSIGNED NULL DEFAULT 0,
  `lastupdate` datetime(0) NULL DEFAULT current_timestamp,
  `updateby` varchar(32) CHARACTER SET utf8mb4 COLLATE utf8mb4_general_ci NULL DEFAULT NULL,
  PRIMARY KEY (`id`) USING BTREE,
  UNIQUE INDEX `code`(`code`) USING BTREE
) ENGINE = InnoDB AUTO_INCREMENT = 6 CHARACTER SET = utf8mb4 COLLATE = utf8mb4_general_ci ROW_FORMAT = Dynamic;

-- ----------------------------
-- Records of tbl_page
-- ----------------------------
INSERT INTO `tbl_page` VALUES (1, 'tentang-kami', 1, 'Tentang Kami', '## Mengenal Tentang Sistem Informasi Posyandu Tangan \"SI POYA TONE\"\nLangkah strategis untuk mewujudkan pelayanan kesehatan dalam menurunkan stunting sesuai dengan Peraturan Presiden Nomor 72 Tahun 2021 tentang Tim Percepatan Penurunan Stunting (TPPS). Melalui Sistem Informasi Perkembangan Ibu dan Anak serta Laporan intervensi Stunting.\n\n\n![6ef421a711e5d951349469ffdbc3a0d7_1690172771111.webp](--MD-image--://0-103179.jpg)\n\n\n\n### Posyandu Online\nInovasi yang menjadikan Posyandu menjadi Posyandu Online yang terintegrasi satu data di dalam genggaman\n\n### Akses Informasi Bagi Sasaran, Kader, Petugas dan Stakeholder\nMeningkatkan akses masyarakat kepada petugas, mendekatkan petugas kepada masyarakat\n\n### Pelayanan Sistem Informasi Geospasial dan Notifikasi Digital\nData yang akurat, lengkap by name by address dan real time\n\n### Laporan Digital\nSebagai Dasar Kebijakan dan intervensi penurunan stunting lebih tepat sasaran, efektif, efisien, transparan dan akuntabel', 0x[BLOB], 1, '2024-10-27 04:12:31', '1');
INSERT INTO `tbl_page` VALUES (2, 'layanan', 2, 'Layanan', '## Layanan Spesifik\nIntervensi yang berhubungan dengan Peningkatan Gizi dan Kesehatan.\n\n\n![Posyandu Prakonsepsi.jpg](--MD-image--://0-109747.jpg)\n\n\n#### E-KMS Ibu Hamil\nKMS Ibu Hamil dengan Menggunakan Sistem Pencatatan Digital\n\n#### E-KMS Balita\nKMS Balita dengan Menggunakan Sistem Pencatatan Digital\n\n#### ASI Ekslusif\npemberian ASI atau air susu ibu untuk bayi sejak baru lahir hingga berumur 6 bulan tanpa digantikan oleh minuman serta makanan lain\n\n#### PMT Ibu Hamil\nPenyajian Makanan Tambahan Untuk Ibu Hamil Kurang Energi Kronis (KEK)\n\n#### PMT Balita\nPenyajian Makanan Tambahan Untuk Balita Gizi Kurang\n\n#### Pemberian Vitamin A\nPemberian Vitamin A sebagai langkah pencegahan terjadinya stunting pada anak\n\n#### Pemberian Tablet FE\nKekurangan zat besi merupakan penyebab anemia terbanyak pada anak-anak. Salah satu penyebab terjadinya stunting adalah defisiensi zat besi\n\n#### Imunisasi\nPemberian Imunisasi Kepada Calon Pengantin, Bayi dan Balita\n\n## Layanan Sensitif\nPendukung Untuk Penurunan Kecepatan Stunting Seperti Penyediaan Air Bersih dan Sanitasi.\n\n#### Pelayanan Calon Pengantin\nKonseling Calon Pengantin\n\n#### Penyediaan Air Bersih\nPenyediaan Akses Air Bersih Untuk Masyarakat\n\n#### Penyediaan Jamban Sehat\nPenyediaan Jamban Sehat agar tidak mencemari sumber air dan lingkungan\n\n#### Pengolahan Limbah Cair\nPengolahan Limbah Cair Rumah Tangga\n\n#### Pengolahan Sampah Rumah Tangga\nPengolahan Sampah Rumah Tangga\n\n#### Cuci Tangan Pakai Sabun\nCuci Tangan Pakai Sabun\n\n#### Perlindungan Sosial\nPemberian Perlindungan Sosial untuk masyarakat kurang mampu\n\n#### Pendidikan Anak Usia Dini\nPemberian Pendidikan Anak Usia Dini', 0x[BLOB], 1, '2024-10-27 04:12:08', '1');
